{"id":7797,"date":"2023-07-18T10:45:05","date_gmt":"2023-07-18T08:45:05","guid":{"rendered":"https:\/\/www.krajan.pl\/index.php\/produkt\/regal-sr-57\/"},"modified":"2024-10-31T11:35:30","modified_gmt":"2024-10-31T10:35:30","slug":"regal-sr-57","status":"publish","type":"product","link":"https:\/\/www.krajan.pl\/index.php\/produkt\/regal-sr-57\/","title":{"rendered":"Rega\u0142 SR\/57"},"content":{"rendered":"<p><em>Uwagi:<\/em><\/p>\n<p><em><span class=\"ILfuVd\" lang=\"pl\"><span class=\"hgKElc\">\u00a0Kolory na zdj\u0119ciach\u00a0 mog\u0105 si\u0119 nieznacznie r\u00f3\u017cni\u0107 od rzeczywistych \u2013 wynika to z r\u00f3\u017cnorodno\u015bci dost\u0119pnego sprz\u0119tu komputerowego oraz jego indywidualnych ustawie\u0144 a w szczeg\u00f3lno\u015bci ustawie\u0144 monitora i karty graficznej.<\/span><\/span><\/em><\/p>\n<p>Views: 6<\/p>","protected":false},"excerpt":{"rendered":"<p>Szer.\/wys.\/g\u0142.: 57\/196\/43 cm<\/p>\n","protected":false},"featured_media":28944,"comment_status":"closed","ping_status":"closed","template":"","meta":[],"product_brand":[],"product_cat":[270,74],"product_tag":[],"class_list":{"0":"post-7797","1":"product","2":"type-product","3":"status-publish","4":"has-post-thumbnail","6":"product_cat-smyk","7":"product_cat-wszystkie-systemy","8":"pa_kolor-artisan","9":"pa_kolor-czekolada","10":"pa_kolor-sonoma","12":"first","13":"instock","14":"shipping-taxable","15":"purchasable","16":"product-type-variable"},"_links":{"self":[{"href":"https:\/\/www.krajan.pl\/index.php\/wp-json\/wp\/v2\/product\/7797","targetHints":{"allow":["GET"]}}],"collection":[{"href":"https:\/\/www.krajan.pl\/index.php\/wp-json\/wp\/v2\/product"}],"about":[{"href":"https:\/\/www.krajan.pl\/index.php\/wp-json\/wp\/v2\/types\/product"}],"replies":[{"embeddable":true,"href":"https:\/\/www.krajan.pl\/index.php\/wp-json\/wp\/v2\/comments?post=7797"}],"wp:featuredmedia":[{"embeddable":true,"href":"https:\/\/www.krajan.pl\/index.php\/wp-json\/wp\/v2\/media\/28944"}],"wp:attachment":[{"href":"https:\/\/www.krajan.pl\/index.php\/wp-json\/wp\/v2\/media?parent=7797"}],"wp:term":[{"taxonomy":"product_brand","embeddable":true,"href":"https:\/\/www.krajan.pl\/index.php\/wp-json\/wp\/v2\/product_brand?post=7797"},{"taxonomy":"product_cat","embeddable":true,"href":"https:\/\/www.krajan.pl\/index.php\/wp-json\/wp\/v2\/product_cat?post=7797"},{"taxonomy":"product_tag","embeddable":true,"href":"https:\/\/www.krajan.pl\/index.php\/wp-json\/wp\/v2\/product_tag?post=7797"}],"curies":[{"name":"wp","href":"https:\/\/api.w.org\/{rel}","templated":true}]}}

Regał SR/57

<p><em>Uwagi:</em></p>
<p><em><span class="ILfuVd" lang="pl"><span class="hgKElc"> Kolory na zdjęciach  mogą się nieznacznie różnić od rzeczywistych – wynika to z różnorodności dostępnego sprzętu komputerowego oraz jego indywidualnych ustawień a w szczególności ustawień monitora i karty graficznej.</span></span></em></p>
<p>Views: 6</p>

<p>Szer./wys./gł.: 57/196/43 cm</p>
