{"id":7662,"date":"2023-07-16T12:12:52","date_gmt":"2023-07-16T10:12:52","guid":{"rendered":"https:\/\/www.krajan.pl\/index.php\/produkt\/system-ajax\/"},"modified":"2025-02-01T11:28:41","modified_gmt":"2025-02-01T10:28:41","slug":"system-ajax","status":"publish","type":"product","link":"https:\/\/www.krajan.pl\/index.php\/produkt\/system-ajax\/","title":{"rendered":"AJAX system"},"content":{"rendered":"<p>Views: 13<\/p>","protected":false},"excerpt":{"rendered":"<p>Meble systemowe AJAX to kilku modu\u0142owy zestaw, kt\u00f3ry dzi\u0119ki swojej ustawno\u015bci pomog\u0105 Ci \u015bwietnie zagospodarowa\u0107 ka\u017cd\u0105, nawet trudn\u0105 nietypow\u0105 przestrze\u0144. Meble systemowe \u015bwietnie sprawdz\u0105 si\u0119 jako element wyposa\u017cenia sypialni oraz salon\u00f3w, ale tak\u017ce pokoi m\u0142odzie\u017cowych. Systemy daj\u0105 mo\u017cliwo\u015b\u0107 urz\u0105dzenia wn\u0119trz w jednym stylu co niezwykle u\u0142atwia ca\u0142y proces aran\u017cacji wn\u0119trz. Wybieraj\u0105c elementy z danego zestawu mo\u017cemy by\u0107 pewni, \u017ce wszystko b\u0119dzie tworzy\u0142o sp\u00f3jn\u0105 ca\u0142o\u015b\u0107.<\/p>\n<h3><strong>Wymiary:<\/strong><\/h3>\n<p>\u2013 szeroko\u015b\u0107 XX cm \/ wysoko\u015b\u0107 XX cm \/ g\u0142\u0119boko\u015b\u0107 XX cm<\/p>\n<p>\u2013 do\u0142ek RTV-AJD-1 \u2013 (180\/50\/45cm)<br \/>\n\u2013 komoda AJK-1\u00a0 \u2013 (220\/85\/50cm)<br \/>\n\u2013 komoda AJK-2 \u2013 (220\/85\/50cm)<br \/>\n\u2013 witryna AJW-1\u00a0 \u2013 (88,2\/191,5\/39cm)<br \/>\n\u2013 witryna AJW-2\u00a0 \u2013 (115\/191,5\/39cm)<br \/>\n&#8211; p\u00f3\u0142ka wisz\u0105ca AJP-1- (160\/58\/23,6)<br \/>\n\u2013 lustro AJL-1 \u2013 (180\/82 cm)<br \/>\n\u2013 \u0142awa AJ\u0141-1\u00a0 \u2013 (120\/44\/65cm)<br \/>\n\u2013 st\u00f3\u0142 AJST-1A \u00a0 \u2013 (160\/78\/90cm)<br \/>\n\u2013 st\u00f3\u0142 AJST-2A \u2013 (180\/78\/90cm)<\/p>\n<h5 class=\"h3\"><strong>O\u015bwietlenie LED:<\/strong><\/h5>\n<p>Przy wariancie mebli z o\u015bwietleniem LED, pod\u015bwietlenie dotyczy element\u00f3w:<\/p>\n<p>\u2013 witryna AJW-1<br \/>\n\u2013 witryna AJW-2<\/p>\n<p>\u2013 w standardzie zastosowano w witrynach p\u00f3\u0142ki z p\u0142yty laminowanej,<br \/>\n\u2013 mo\u017cliwo\u015b\u0107 zam\u00f3wienia w witrynach p\u00f3\u0142ki szklane o\u015bwietlenie LED -za dop\u0142at\u0105,<\/p>\n<p><strong>Informacje dodatkowe:<\/strong><\/p>\n<p>\u2013 system wykonany zosta\u0142 z wysokiej jako\u015bci p\u0142yty laminowanej,<br \/>\n\u2013 obrze\u017ca wyko\u0144czone oklein\u0105 ABS,<br \/>\n\u2013 listwy boczne 28 mm,<br \/>\n\u2013 blaty grubo\u015b\u0107 28 mm,<\/p>\n<p>\u2013 meble s\u0105 nowe, zapakowane w paczkach do samodzielnego monta\u017cu, wraz z czyteln\u0105 instrukcj\u0105 oraz akcesoriami.<br \/>\n\u2013 system z wizualizacji wykonana w kolorze: wellington<\/p>\n","protected":false},"featured_media":28140,"comment_status":"closed","ping_status":"closed","template":"","meta":[],"product_brand":[],"product_cat":[266,211],"product_tag":[],"class_list":{"0":"post-7662","1":"product","2":"type-product","3":"status-publish","4":"has-post-thumbnail","6":"product_cat-ajax","7":"product_cat-meble-systemowe","9":"first","10":"instock","11":"shipping-taxable","12":"product-type-simple"},"_links":{"self":[{"href":"https:\/\/www.krajan.pl\/index.php\/wp-json\/wp\/v2\/product\/7662","targetHints":{"allow":["GET"]}}],"collection":[{"href":"https:\/\/www.krajan.pl\/index.php\/wp-json\/wp\/v2\/product"}],"about":[{"href":"https:\/\/www.krajan.pl\/index.php\/wp-json\/wp\/v2\/types\/product"}],"replies":[{"embeddable":true,"href":"https:\/\/www.krajan.pl\/index.php\/wp-json\/wp\/v2\/comments?post=7662"}],"wp:featuredmedia":[{"embeddable":true,"href":"https:\/\/www.krajan.pl\/index.php\/wp-json\/wp\/v2\/media\/28140"}],"wp:attachment":[{"href":"https:\/\/www.krajan.pl\/index.php\/wp-json\/wp\/v2\/media?parent=7662"}],"wp:term":[{"taxonomy":"product_brand","embeddable":true,"href":"https:\/\/www.krajan.pl\/index.php\/wp-json\/wp\/v2\/product_brand?post=7662"},{"taxonomy":"product_cat","embeddable":true,"href":"https:\/\/www.krajan.pl\/index.php\/wp-json\/wp\/v2\/product_cat?post=7662"},{"taxonomy":"product_tag","embeddable":true,"href":"https:\/\/www.krajan.pl\/index.php\/wp-json\/wp\/v2\/product_tag?post=7662"}],"curies":[{"name":"wp","href":"https:\/\/api.w.org\/{rel}","templated":true}]}}