{"id":31379,"date":"2026-04-15T13:30:08","date_gmt":"2026-04-15T11:30:08","guid":{"rendered":"https:\/\/www.krajan.pl\/?post_type=product&#038;p=31379"},"modified":"2026-04-17T09:46:11","modified_gmt":"2026-04-17T07:46:11","slug":"cotta","status":"publish","type":"product","link":"https:\/\/www.krajan.pl\/index.php\/produkt\/cotta\/","title":{"rendered":"Cotta"},"content":{"rendered":"<p>Views: 8<\/p>","protected":false},"excerpt":{"rendered":"<div id=\"opisy\">Szer.\/wys.\/g\u0142.: 250\/192\/50<\/div>\n<div id=\"box_bottom\">\n<div class=\"paleta_box\">\n<p><strong>Meble m\u0142odzie\u017cowe COTTA<\/strong>\u00a0to doskona\u0142e uzupe\u0142nienie ka\u017cdego pokoju nastolatka\/dziecka. Wyj\u0105tkowy design nada wn\u0119trzu stylu i podkre\u015bli m\u0142odzie\u017cowy charakter pomieszczenia. To doskona\u0142e rozwi\u0105zanie dla wszystkich, kt\u00f3rzy ceni\u0105 sobie funkcjonalno\u015b\u0107 w przestrzeni swoich pociech. Ka\u017cdy element zestawu jest osobnym modu\u0142em, dzi\u0119ki czemu mo\u017cna ustawi\u0107 meble w dowolnej kombinacji. Meble s\u0105 pojemne i dost\u0119pne w r\u00f3\u017cnych kolorach.<\/p>\n<p><strong>Wymiary:<\/strong><\/p>\n<p>\u2013 szeroko\u015b\u0107 250 cm \/ wysoko\u015b\u0107 192 cm \/ g\u0142\u0119boko\u015b\u0107 50 cm<\/p>\n<p><strong>Informacje dodatkowe:<\/strong><\/p>\n<p>W sk\u0142ad powy\u017cszego zestawu wchodz\u0105 meble (szer.\/wys.\/g\u0142.):<br \/>\n\u2013 szafa\u00a0 z pojemn\u0105 szuflad\u0105 oraz dr\u0105\u017ckiem ubraniowym na wieszaki,<br \/>\n\u2013 biurko\u00a0 z p\u00f3\u0142k\u0105 wysuwan\u0105 na klawiatur\u0119, p\u00f3\u0142ka nad biurkiem,<br \/>\n\u2013 pojemny rega\u0142 ,<br \/>\n\u2013 mebel wykonany jest z p\u0142yty\u00a0 laminowanej o grubo\u015bci 16 mm,<br \/>\n\u2013 zastosowano wysokiej jako\u015bci uchwyty z tworzywa sztucznego, kt\u00f3re zapewniaj\u0105 trwa\u0142o\u015b\u0107 oraz komfort u\u017cytkowania.<br \/>\n\u2013 meble s\u0105 nowe, zapakowane w paczkach do samodzielnego monta\u017cu,<br \/>\n\u2013 wraz z czyteln\u0105 instrukcj\u0105 oraz akcesoriami.<\/p>\n<\/div>\n<\/div>\n","protected":false},"featured_media":31380,"comment_status":"open","ping_status":"closed","template":"","meta":[],"product_brand":[],"product_cat":[235,258],"product_tag":[],"class_list":{"0":"post-31379","1":"product","2":"type-product","3":"status-publish","4":"has-post-thumbnail","6":"product_cat-mlodziezowe","7":"product_cat-nowosc-2026","8":"pa_kolor-artisan","9":"pa_kolor-cannolo-cremona","10":"pa_kolor-cotta-cremona","11":"pa_kolor-sonoma","12":"pa_kolor-torro-cremona","13":"pa_kolor-trufel","15":"first","16":"instock","17":"shipping-taxable","18":"product-type-simple"},"_links":{"self":[{"href":"https:\/\/www.krajan.pl\/index.php\/wp-json\/wp\/v2\/product\/31379","targetHints":{"allow":["GET"]}}],"collection":[{"href":"https:\/\/www.krajan.pl\/index.php\/wp-json\/wp\/v2\/product"}],"about":[{"href":"https:\/\/www.krajan.pl\/index.php\/wp-json\/wp\/v2\/types\/product"}],"replies":[{"embeddable":true,"href":"https:\/\/www.krajan.pl\/index.php\/wp-json\/wp\/v2\/comments?post=31379"}],"wp:featuredmedia":[{"embeddable":true,"href":"https:\/\/www.krajan.pl\/index.php\/wp-json\/wp\/v2\/media\/31380"}],"wp:attachment":[{"href":"https:\/\/www.krajan.pl\/index.php\/wp-json\/wp\/v2\/media?parent=31379"}],"wp:term":[{"taxonomy":"product_brand","embeddable":true,"href":"https:\/\/www.krajan.pl\/index.php\/wp-json\/wp\/v2\/product_brand?post=31379"},{"taxonomy":"product_cat","embeddable":true,"href":"https:\/\/www.krajan.pl\/index.php\/wp-json\/wp\/v2\/product_cat?post=31379"},{"taxonomy":"product_tag","embeddable":true,"href":"https:\/\/www.krajan.pl\/index.php\/wp-json\/wp\/v2\/product_tag?post=31379"}],"curies":[{"name":"wp","href":"https:\/\/api.w.org\/{rel}","templated":true}]}}

<div id="opisy">Szer./wys./gł.: 250/192/50</div>
<div id="box_bottom">
<div class="paleta_box">
<p><strong>Meble młodzieżowe COTTA</strong> to doskonałe uzupełnienie każdego pokoju nastolatka/dziecka. Wyjątkowy design nada wnętrzu stylu i podkreśli młodzieżowy charakter pomieszczenia. To doskonałe rozwiązanie dla wszystkich, którzy cenią sobie funkcjonalność w przestrzeni swoich pociech. Każdy element zestawu jest osobnym modułem, dzięki czemu można ustawić meble w dowolnej kombinacji. Meble są pojemne i dostępne w różnych kolorach.</p>
<p><strong>Wymiary:</strong></p>
<p>– szerokość 250 cm / wysokość 192 cm / głębokość 50 cm</p>
<p><strong>Informacje dodatkowe:</strong></p>
<p>W skład powyższego zestawu wchodzą meble (szer./wys./gł.):<br />
– szafa  z pojemną szufladą oraz drążkiem ubraniowym na wieszaki,<br />
– biurko  z półką wysuwaną na klawiaturę, półka nad biurkiem,<br />
– pojemny regał ,<br />
– mebel wykonany jest z płyty  laminowanej o grubości 16 mm,<br />
– zastosowano wysokiej jakości uchwyty z tworzywa sztucznego, które zapewniają trwałość oraz komfort użytkowania.<br />
– meble są nowe, zapakowane w paczkach do samodzielnego montażu,<br />
– wraz z czytelną instrukcją oraz akcesoriami.</p>
</div>
</div>
