{"id":31362,"date":"2026-04-15T10:57:31","date_gmt":"2026-04-15T08:57:31","guid":{"rendered":"https:\/\/www.krajan.pl\/?post_type=product&#038;p=31362"},"modified":"2026-04-17T09:47:08","modified_gmt":"2026-04-17T07:47:08","slug":"diuk-b","status":"publish","type":"product","link":"https:\/\/www.krajan.pl\/index.php\/produkt\/diuk-b\/","title":{"rendered":"Diuk B"},"content":{"rendered":"<p>Szeroko\u015b\u0107 szafy: 120 cm<\/p>\n<p>Szeroko\u015b\u0107 biurka: 120 cm<\/p>\n<p>Szeroko\u015b\u0107 p\u00f3\u0142ka: 110 cm<\/p>\n<p>Views: 7<\/p>","protected":false},"excerpt":{"rendered":"<div>\n<p>Szer.\/wys.\/g\u0142.: 240\/200\/60<\/p>\n<\/div>\n<div>\n<p><strong>Meble m\u0142odzie\u017cowe DIUK-B<\/strong>\u00a0to doskona\u0142e uzupe\u0142nienie ka\u017cdego pokoju nastolatka\/dziecka. Wyj\u0105tkowy design nada wn\u0119trzu stylu i podkre\u015bli m\u0142odzie\u017cowy charakter pomieszczenia. To doskona\u0142e rozwi\u0105zanie dla wszystkich, kt\u00f3rzy ceni\u0105 sobie funkcjonalno\u015b\u0107 w przestrzeni swoich pociech. Meble s\u0105 pojemne i dost\u0119pne w r\u00f3\u017cnych kolorach.<\/p>\n<p><strong>Wymiary:<\/strong><br \/>\n\u2013 szeroko\u015b\u0107 240 cm \/ wysoko\u015b\u0107 200 cm \/ g\u0142\u0119boko\u015b\u0107 60 cm<\/p>\n<p><strong>Informacje dodatkowe:<\/strong><br \/>\nW sk\u0142ad powy\u017cszego zestawu wchodz\u0105 meble (szer.\/wys.):<br \/>\n\u2013 szafa 120\u00d7200\/53 z dwoma pojemnymi szufladami oraz dr\u0105\u017ckiem ubraniowym ,<br \/>\n\u2013 biurko 120\u00d775\/53 z p\u00f3\u0142k\u0105 wysuwan\u0105 na klawiatur\u0119 nadstawka nad biurkiem,<br \/>\n\u2013 p\u00f3\u0142ka 110\/53\/23 z p\u00f3\u0142kami w \u015brodku oraz dwie szufladki,<br \/>\n\u2013 mebel wykonany z p\u0142yty\u00a0 laminowanej<br \/>\n\u2013 zastosowano wysokiej jako\u015bci uchwyty z tworzywa sztucznego, kt\u00f3re zapewniaj\u0105 trwa\u0142o\u015b\u0107 oraz komfort u\u017cytkowania.<br \/>\n\u2013 meble s\u0105 nowe, zapakowane w paczkach do samodzielnego monta\u017cu,<br \/>\n\u2013 wraz z czyteln\u0105 instrukcj\u0105 oraz akcesoriami.<\/p>\n<\/div>\n","protected":false},"featured_media":31363,"comment_status":"open","ping_status":"closed","template":"","meta":[],"product_brand":[],"product_cat":[235,258],"product_tag":[],"class_list":{"0":"post-31362","1":"product","2":"type-product","3":"status-publish","4":"has-post-thumbnail","6":"product_cat-mlodziezowe","7":"product_cat-nowosc-2026","8":"pa_kolor-artisan-bialy","9":"pa_kolor-cannolo-cremona","10":"pa_kolor-cotta-cremona","11":"pa_kolor-sonoma-bialy","12":"pa_kolor-torro-cremona","13":"pa_kolor-trufel-bialy","15":"first","16":"instock","17":"shipping-taxable","18":"product-type-simple"},"_links":{"self":[{"href":"https:\/\/www.krajan.pl\/index.php\/wp-json\/wp\/v2\/product\/31362","targetHints":{"allow":["GET"]}}],"collection":[{"href":"https:\/\/www.krajan.pl\/index.php\/wp-json\/wp\/v2\/product"}],"about":[{"href":"https:\/\/www.krajan.pl\/index.php\/wp-json\/wp\/v2\/types\/product"}],"replies":[{"embeddable":true,"href":"https:\/\/www.krajan.pl\/index.php\/wp-json\/wp\/v2\/comments?post=31362"}],"wp:featuredmedia":[{"embeddable":true,"href":"https:\/\/www.krajan.pl\/index.php\/wp-json\/wp\/v2\/media\/31363"}],"wp:attachment":[{"href":"https:\/\/www.krajan.pl\/index.php\/wp-json\/wp\/v2\/media?parent=31362"}],"wp:term":[{"taxonomy":"product_brand","embeddable":true,"href":"https:\/\/www.krajan.pl\/index.php\/wp-json\/wp\/v2\/product_brand?post=31362"},{"taxonomy":"product_cat","embeddable":true,"href":"https:\/\/www.krajan.pl\/index.php\/wp-json\/wp\/v2\/product_cat?post=31362"},{"taxonomy":"product_tag","embeddable":true,"href":"https:\/\/www.krajan.pl\/index.php\/wp-json\/wp\/v2\/product_tag?post=31362"}],"curies":[{"name":"wp","href":"https:\/\/api.w.org\/{rel}","templated":true}]}}

<p>Szerokość szafy: 120 cm</p>
<p>Szerokość biurka: 120 cm</p>
<p>Szerokość półka: 110 cm</p>
<p>Views: 7</p>

<div>
<p>Szer./wys./gł.: 240/200/60</p>
</div>
<div>
<p><strong>Meble młodzieżowe DIUK-B</strong> to doskonałe uzupełnienie każdego pokoju nastolatka/dziecka. Wyjątkowy design nada wnętrzu stylu i podkreśli młodzieżowy charakter pomieszczenia. To doskonałe rozwiązanie dla wszystkich, którzy cenią sobie funkcjonalność w przestrzeni swoich pociech. Meble są pojemne i dostępne w różnych kolorach.</p>
<p><strong>Wymiary:</strong><br />
– szerokość 240 cm / wysokość 200 cm / głębokość 60 cm</p>
<p><strong>Informacje dodatkowe:</strong><br />
W skład powyższego zestawu wchodzą meble (szer./wys.):<br />
– szafa 120×200/53 z dwoma pojemnymi szufladami oraz drążkiem ubraniowym ,<br />
– biurko 120×75/53 z półką wysuwaną na klawiaturę nadstawka nad biurkiem,<br />
– półka 110/53/23 z półkami w środku oraz dwie szufladki,<br />
– mebel wykonany z płyty  laminowanej<br />
– zastosowano wysokiej jakości uchwyty z tworzywa sztucznego, które zapewniają trwałość oraz komfort użytkowania.<br />
– meble są nowe, zapakowane w paczkach do samodzielnego montażu,<br />
– wraz z czytelną instrukcją oraz akcesoriami.</p>
</div>
