{"id":31357,"date":"2026-04-15T10:44:45","date_gmt":"2026-04-15T08:44:45","guid":{"rendered":"https:\/\/www.krajan.pl\/?post_type=product&#038;p=31357"},"modified":"2026-04-15T13:20:13","modified_gmt":"2026-04-15T11:20:13","slug":"paulo-b","status":"publish","type":"product","link":"https:\/\/www.krajan.pl\/index.php\/produkt\/paulo-b\/","title":{"rendered":"Paulo B"},"content":{"rendered":"<p>Szeroko\u015b\u0107 szafy: 80 cm<\/p>\n<p>Szeroko\u015b\u0107 biurka: 120 cm<\/p>\n<p>Szeroko\u015b\u0107 s\u0142upka: 45 cm<\/p>\n<p>Views: 0<\/p>","protected":false},"excerpt":{"rendered":"<div>\n<p>Szer.\/wys.\/g\u0142.: 245\/201\/53<\/p>\n<\/div>\n<div>\n<p><strong>Meble m\u0142odzie\u017cowe PAULO-B<\/strong>\u00a0to doskona\u0142e uzupe\u0142nienie ka\u017cdego pokoju nastolatka\/dziecka. Wyj\u0105tkowy design nada wn\u0119trzu stylu i podkre\u015bli m\u0142odzie\u017cowy charakter pomieszczenia. To doskona\u0142e rozwi\u0105zanie dla wszystkich, kt\u00f3rzy ceni\u0105 sobie funkcjonalno\u015b\u0107 w przestrzeni swoich pociech. Meble s\u0105 pojemne i dost\u0119pne w r\u00f3\u017cnych kolorach.<\/p>\n<p><strong>Wymiary:<\/strong><br \/>\n\u2013 szeroko\u015b\u0107 245 cm \/ wysoko\u015b\u0107 201 cm \/ g\u0142\u0119boko\u015b\u0107 53 cm<\/p>\n<p><strong>Informacje dodatkowe:<\/strong><br \/>\nW sk\u0142ad powy\u017cszego zestawu wchodz\u0105 meble (szer.\/wys.):<br \/>\n\u2013 szafa 80\u00d7201\/53 z dwoma pojemnymi szufladami oraz dr\u0105\u017ckiem ubraniowym ,<br \/>\n\u2013 biurko 120\u00d778\/53 z p\u00f3\u0142k\u0105 wysuwan\u0105 na klawiatur\u0119 nadstawka nad biurkiem,<br \/>\n\u2013 rega\u0142 45\/201 z p\u00f3\u0142kami w \u015brodku oraz dwie szufladki,<br \/>\n\u2013 mebel wykonany jest z p\u0142yty\u00a0 laminowanej o grubo\u015bci 16 mm,<br \/>\n\u2013 zastosowano wysokiej jako\u015bci uchwyty z tworzywa sztucznego, kt\u00f3re zapewniaj\u0105 trwa\u0142o\u015b\u0107 oraz komfort u\u017cytkowania.<br \/>\n\u2013 meble s\u0105 nowe, zapakowane w paczkach do samodzielnego monta\u017cu,<br \/>\n\u2013 wraz z czyteln\u0105 instrukcj\u0105 oraz akcesoriami.<\/p>\n<\/div>\n","protected":false},"featured_media":31358,"comment_status":"open","ping_status":"closed","template":"","meta":[],"product_brand":[],"product_cat":[235,258],"product_tag":[],"class_list":{"0":"post-31357","1":"product","2":"type-product","3":"status-publish","4":"has-post-thumbnail","6":"product_cat-mlodziezowe","7":"product_cat-nowosc-2026","8":"pa_kolor-artisan","9":"pa_kolor-cannolo-cremona","10":"pa_kolor-cotta-cremona","11":"pa_kolor-sonoma","12":"pa_kolor-torro-cremona","13":"pa_kolor-trufel","15":"first","16":"instock","17":"shipping-taxable","18":"product-type-simple"},"_links":{"self":[{"href":"https:\/\/www.krajan.pl\/index.php\/wp-json\/wp\/v2\/product\/31357","targetHints":{"allow":["GET"]}}],"collection":[{"href":"https:\/\/www.krajan.pl\/index.php\/wp-json\/wp\/v2\/product"}],"about":[{"href":"https:\/\/www.krajan.pl\/index.php\/wp-json\/wp\/v2\/types\/product"}],"replies":[{"embeddable":true,"href":"https:\/\/www.krajan.pl\/index.php\/wp-json\/wp\/v2\/comments?post=31357"}],"wp:featuredmedia":[{"embeddable":true,"href":"https:\/\/www.krajan.pl\/index.php\/wp-json\/wp\/v2\/media\/31358"}],"wp:attachment":[{"href":"https:\/\/www.krajan.pl\/index.php\/wp-json\/wp\/v2\/media?parent=31357"}],"wp:term":[{"taxonomy":"product_brand","embeddable":true,"href":"https:\/\/www.krajan.pl\/index.php\/wp-json\/wp\/v2\/product_brand?post=31357"},{"taxonomy":"product_cat","embeddable":true,"href":"https:\/\/www.krajan.pl\/index.php\/wp-json\/wp\/v2\/product_cat?post=31357"},{"taxonomy":"product_tag","embeddable":true,"href":"https:\/\/www.krajan.pl\/index.php\/wp-json\/wp\/v2\/product_tag?post=31357"}],"curies":[{"name":"wp","href":"https:\/\/api.w.org\/{rel}","templated":true}]}}

<p>Szerokość szafy: 80 cm</p>
<p>Szerokość biurka: 120 cm</p>
<p>Szerokość słupka: 45 cm</p>
<p>Views: 0</p>

<div>
<p>Szer./wys./gł.: 245/201/53</p>
</div>
<div>
<p><strong>Meble młodzieżowe PAULO-B</strong> to doskonałe uzupełnienie każdego pokoju nastolatka/dziecka. Wyjątkowy design nada wnętrzu stylu i podkreśli młodzieżowy charakter pomieszczenia. To doskonałe rozwiązanie dla wszystkich, którzy cenią sobie funkcjonalność w przestrzeni swoich pociech. Meble są pojemne i dostępne w różnych kolorach.</p>
<p><strong>Wymiary:</strong><br />
– szerokość 245 cm / wysokość 201 cm / głębokość 53 cm</p>
<p><strong>Informacje dodatkowe:</strong><br />
W skład powyższego zestawu wchodzą meble (szer./wys.):<br />
– szafa 80×201/53 z dwoma pojemnymi szufladami oraz drążkiem ubraniowym ,<br />
– biurko 120×78/53 z półką wysuwaną na klawiaturę nadstawka nad biurkiem,<br />
– regał 45/201 z półkami w środku oraz dwie szufladki,<br />
– mebel wykonany jest z płyty  laminowanej o grubości 16 mm,<br />
– zastosowano wysokiej jakości uchwyty z tworzywa sztucznego, które zapewniają trwałość oraz komfort użytkowania.<br />
– meble są nowe, zapakowane w paczkach do samodzielnego montażu,<br />
– wraz z czytelną instrukcją oraz akcesoriami.</p>
</div>
