{"id":31355,"date":"2026-04-15T10:25:49","date_gmt":"2026-04-15T08:25:49","guid":{"rendered":"https:\/\/www.krajan.pl\/?post_type=product&#038;p=31355"},"modified":"2026-04-15T13:11:43","modified_gmt":"2026-04-15T11:11:43","slug":"filip-b","status":"publish","type":"product","link":"https:\/\/www.krajan.pl\/index.php\/produkt\/filip-b\/","title":{"rendered":"Filip B"},"content":{"rendered":"<p>Szeroko\u015b\u0107 szafy: 80 cm<br \/>\nSzeroko\u015b\u0107 biurka:120 cm<br \/>\nSzeroko\u015b\u0107 s\u0142upka :60 cm<\/p>\n<p>Views: 0<\/p>","protected":false},"excerpt":{"rendered":"<p>Szer.\/wys.\/g\u0142.: 260\/210\/53cm<\/p>\n<p><strong>Meblo\u015bcianka m\u0142odzie\u017cowa FILIP-B<\/strong>\u00a0to po\u0142\u0105czenie eleganckiego wygl\u0105du z praktycznym zastosowaniem. Idealnie pasuje do pokoju m\u0142odzie\u017cowego, dzieci\u0119cego kt\u00f3ra pozwoli zaoszcz\u0119dzi\u0107 przestrze\u0144 na niewielkiej powierzchni. Meble s\u0105 pojemne i dost\u0119pne w r\u00f3\u017cnych kolorach.<\/p>\n<p><strong>Wymiary:<\/strong><br \/>\n\u2013 szeroko\u015b\u0107 260 cm \/ wysoko\u015b\u0107 210 cm \/ g\u0142\u0119boko\u015b\u0107 53 cm<\/p>\n<p><strong>Informacje dodatkowe:<\/strong><br \/>\nW sk\u0142ad powy\u017cszego zestawu wchodz\u0105 meble (szer.\/wys.\/g\u0142):<br \/>\n\u2013 szafa 80\u00d7210\/53 z pojemn\u0105 szuflad\u0105 oraz dr\u0105\u017ckiem ubraniowym na wieszaki,<br \/>\n\u2013 du\u017ce praktyczne biurko 130\u00d778\/53 z p\u00f3\u0142k\u0105 wysuwan\u0105 na klawiatur\u0119 nadstawka nad biurkiem,<br \/>\n\u2013 rega\u0142 50\/210 z p\u00f3\u0142kami,<br \/>\n\u2013 n\u00f3\u017cki z tworzywa sztucznego zapewniaj\u0105 stabilno\u015b\u0107 i wytrzyma\u0142o\u015b\u0107,<br \/>\n\u2013 mebel wykonany jest z p\u0142yty\u00a0 laminowanej o grubo\u015bci 16 mm,<br \/>\n\u2013 zastosowano wysokiej jako\u015bci uchwyty z tworzywa sztucznego, kt\u00f3re zapewniaj\u0105 trwa\u0142o\u015b\u0107 oraz komfort u\u017cytkowania.<br \/>\n\u2013 meble s\u0105 nowe, zapakowane w paczkach do samodzielnego monta\u017cu,<br \/>\n\u2013 wraz z czyteln\u0105 instrukcj\u0105 oraz akcesoriami.<\/p>\n","protected":false},"featured_media":31356,"comment_status":"open","ping_status":"closed","template":"","meta":[],"product_brand":[],"product_cat":[235,258],"product_tag":[],"class_list":{"0":"post-31355","1":"product","2":"type-product","3":"status-publish","4":"has-post-thumbnail","6":"product_cat-mlodziezowe","7":"product_cat-nowosc-2026","8":"pa_kolor-artisan","9":"pa_kolor-cannolo-cremona","10":"pa_kolor-cotta-cremona","11":"pa_kolor-sonoma","12":"pa_kolor-torro-cremona","13":"pa_kolor-trufel","15":"first","16":"instock","17":"shipping-taxable","18":"product-type-simple"},"_links":{"self":[{"href":"https:\/\/www.krajan.pl\/index.php\/wp-json\/wp\/v2\/product\/31355","targetHints":{"allow":["GET"]}}],"collection":[{"href":"https:\/\/www.krajan.pl\/index.php\/wp-json\/wp\/v2\/product"}],"about":[{"href":"https:\/\/www.krajan.pl\/index.php\/wp-json\/wp\/v2\/types\/product"}],"replies":[{"embeddable":true,"href":"https:\/\/www.krajan.pl\/index.php\/wp-json\/wp\/v2\/comments?post=31355"}],"wp:featuredmedia":[{"embeddable":true,"href":"https:\/\/www.krajan.pl\/index.php\/wp-json\/wp\/v2\/media\/31356"}],"wp:attachment":[{"href":"https:\/\/www.krajan.pl\/index.php\/wp-json\/wp\/v2\/media?parent=31355"}],"wp:term":[{"taxonomy":"product_brand","embeddable":true,"href":"https:\/\/www.krajan.pl\/index.php\/wp-json\/wp\/v2\/product_brand?post=31355"},{"taxonomy":"product_cat","embeddable":true,"href":"https:\/\/www.krajan.pl\/index.php\/wp-json\/wp\/v2\/product_cat?post=31355"},{"taxonomy":"product_tag","embeddable":true,"href":"https:\/\/www.krajan.pl\/index.php\/wp-json\/wp\/v2\/product_tag?post=31355"}],"curies":[{"name":"wp","href":"https:\/\/api.w.org\/{rel}","templated":true}]}}

<p>Szerokość szafy: 80 cm<br />
Szerokość biurka:120 cm<br />
Szerokość słupka :60 cm</p>
<p>Views: 0</p>

<p>Szer./wys./gł.: 260/210/53cm</p>
<p><strong>Meblościanka młodzieżowa FILIP-B</strong> to połączenie eleganckiego wyglądu z praktycznym zastosowaniem. Idealnie pasuje do pokoju młodzieżowego, dziecięcego która pozwoli zaoszczędzić przestrzeń na niewielkiej powierzchni. Meble są pojemne i dostępne w różnych kolorach.</p>
<p><strong>Wymiary:</strong><br />
– szerokość 260 cm / wysokość 210 cm / głębokość 53 cm</p>
<p><strong>Informacje dodatkowe:</strong><br />
W skład powyższego zestawu wchodzą meble (szer./wys./gł):<br />
– szafa 80×210/53 z pojemną szufladą oraz drążkiem ubraniowym na wieszaki,<br />
– duże praktyczne biurko 130×78/53 z półką wysuwaną na klawiaturę nadstawka nad biurkiem,<br />
– regał 50/210 z półkami,<br />
– nóżki z tworzywa sztucznego zapewniają stabilność i wytrzymałość,<br />
– mebel wykonany jest z płyty  laminowanej o grubości 16 mm,<br />
– zastosowano wysokiej jakości uchwyty z tworzywa sztucznego, które zapewniają trwałość oraz komfort użytkowania.<br />
– meble są nowe, zapakowane w paczkach do samodzielnego montażu,<br />
– wraz z czytelną instrukcją oraz akcesoriami.</p>
