{"id":29617,"date":"2024-12-07T10:40:49","date_gmt":"2024-12-07T09:40:49","guid":{"rendered":"https:\/\/www.krajan.pl\/?post_type=product&#038;p=29617"},"modified":"2026-03-17T12:20:26","modified_gmt":"2026-03-17T11:20:26","slug":"karolina-b-lustro","status":"publish","type":"product","link":"https:\/\/www.krajan.pl\/index.php\/produkt\/karolina-b-lustro\/","title":{"rendered":"Karolina B &#8211; lustro"},"content":{"rendered":"<p>&#8217;<\/p>\n<p><em>Uwagi:<\/em><\/p>\n<p><em><span class=\"ILfuVd\" lang=\"pl\"><span class=\"hgKElc\">\u00a0Kolory na zdj\u0119ciach\u00a0 mog\u0105 si\u0119 nieznacznie r\u00f3\u017cni\u0107 od rzeczywistych \u2013 wynika to z r\u00f3\u017cnorodno\u015bci dost\u0119pnego sprz\u0119tu komputerowego oraz jego indywidualnych ustawie\u0144 a w szczeg\u00f3lno\u015bci ustawie\u0144 monitora i karty graficznej.<\/span><\/span><\/em><\/p>\n<p>Views: 10<\/p>","protected":false},"excerpt":{"rendered":"<div class=\"woocommerce-product-details__short-description\">\n<p>Szer.\/wys.\/g\u0142.: 210\/200\/65 cm<\/p>\n<p><strong>KAROLINA B z lustrem<\/strong> to nowoczesna i pojemna szafa przesuwna. Szafa sprawdzi si\u0119 w\u00a0 sypialni, przedpokoju, a nawet w pokoju m\u0142odzie\u017cowym. Zosta\u0142a wykonana z wysokogatunkowej p\u0142yty laminowanej. Wewn\u0105trz szafy znajduj\u0105 si\u0119 praktyczne p\u00f3\u0142ki, dwie szuflady oraz dr\u0105\u017cki na wieszaki. Szafa dost\u0119pna w r\u00f3\u017cnych kolorach.<\/p>\n<p><strong>Wymiary:<\/strong><\/p>\n<p>\u2013\u00a0szeroko\u015b\u0107 210 cm\u00a0\/ wysoko\u015b\u0107 200 cm \/ g\u0142\u0119boko\u015b\u0107 65 cm<\/p>\n<p><strong>Informacje dodatkowe:<\/strong><\/p>\n<div id=\"module_gallery\" class=\"module\">\u2013 w \u015brodku szafy 2 szuflady,<\/div>\n<div>\u2013 mo\u017cliwo\u015b\u0107 dokupienia nadstawki nad szaf\u0105 210\/45\/65,<\/div>\n<div>\u2013 fronty w ramce aluminiowej,<\/div>\n<div>\u2013 aluminiowe prowadnice oraz profile boczne,<\/div>\n<div>\u2013 prowadnice: metalowe rolkowe z blokad\u0105 wysuwu,<\/div>\n<div>\u2013 meble s\u0105 nowe, zapakowane w paczkach do samodzielnego monta\u017cu, wraz z czyteln\u0105 instrukcj\u0105 oraz akcesoriami.<br \/>\n\u2013 szafa z wizualizacji wykonana w kolorze: d\u0105b canyon<\/div>\n<\/div>\n","protected":false},"featured_media":31273,"comment_status":"open","ping_status":"closed","template":"","meta":[],"product_brand":[],"product_cat":[200],"product_tag":[],"class_list":{"0":"post-29617","1":"product","2":"type-product","3":"status-publish","4":"has-post-thumbnail","6":"product_cat-szafy-przesuwne","7":"pa_kolor-artisan","8":"pa_kolor-bialy","9":"pa_kolor-bordeaux","10":"pa_kolor-czekolada","11":"pa_kolor-lefkas-ciemny","12":"pa_kolor-sonoma","13":"pa_kolor-trufel","14":"pa_kolor-wellington","15":"pa_kolor-wilton","17":"first","18":"instock","19":"shipping-taxable","20":"product-type-variable"},"_links":{"self":[{"href":"https:\/\/www.krajan.pl\/index.php\/wp-json\/wp\/v2\/product\/29617","targetHints":{"allow":["GET"]}}],"collection":[{"href":"https:\/\/www.krajan.pl\/index.php\/wp-json\/wp\/v2\/product"}],"about":[{"href":"https:\/\/www.krajan.pl\/index.php\/wp-json\/wp\/v2\/types\/product"}],"replies":[{"embeddable":true,"href":"https:\/\/www.krajan.pl\/index.php\/wp-json\/wp\/v2\/comments?post=29617"}],"wp:featuredmedia":[{"embeddable":true,"href":"https:\/\/www.krajan.pl\/index.php\/wp-json\/wp\/v2\/media\/31273"}],"wp:attachment":[{"href":"https:\/\/www.krajan.pl\/index.php\/wp-json\/wp\/v2\/media?parent=29617"}],"wp:term":[{"taxonomy":"product_brand","embeddable":true,"href":"https:\/\/www.krajan.pl\/index.php\/wp-json\/wp\/v2\/product_brand?post=29617"},{"taxonomy":"product_cat","embeddable":true,"href":"https:\/\/www.krajan.pl\/index.php\/wp-json\/wp\/v2\/product_cat?post=29617"},{"taxonomy":"product_tag","embeddable":true,"href":"https:\/\/www.krajan.pl\/index.php\/wp-json\/wp\/v2\/product_tag?post=29617"}],"curies":[{"name":"wp","href":"https:\/\/api.w.org\/{rel}","templated":true}]}}