{"id":2066,"date":"2017-10-18T12:46:03","date_gmt":"2017-10-18T10:46:03","guid":{"rendered":"https:\/\/www.krajan.pl\/index.php\/produkt\/padva-lawa-pal-1\/"},"modified":"2024-10-31T12:01:13","modified_gmt":"2024-10-31T11:01:13","slug":"padva-lawa-pal-1","status":"publish","type":"product","link":"https:\/\/www.krajan.pl\/index.php\/produkt\/padva-lawa-pal-1\/","title":{"rendered":"Padva \u0142awa PA\u0141-1"},"content":{"rendered":"<p><em>Uwagi:<\/em><\/p>\n<p><em><span class=\"ILfuVd\" lang=\"pl\"><span class=\"hgKElc\">\u00a0Kolory na zdj\u0119ciach\u00a0 mog\u0105 si\u0119 nieznacznie r\u00f3\u017cni\u0107 od rzeczywistych \u2013 wynika to z r\u00f3\u017cnorodno\u015bci dost\u0119pnego sprz\u0119tu komputerowego oraz jego indywidualnych ustawie\u0144 a w szczeg\u00f3lno\u015bci ustawie\u0144 monitora i karty graficznej.<\/span><\/span><\/em><\/p>\n<p>Views: 7<\/p>","protected":false},"excerpt":{"rendered":"<p>Szer.\/wys.\/g\u0142.: 126\/42\/67 cm<\/p>\n<p>&nbsp;<\/p>\n<div class=\"positioner\"><\/div>\n","protected":false},"featured_media":29040,"comment_status":"closed","ping_status":"closed","template":"","meta":[],"product_brand":[],"product_cat":[93,247],"product_tag":[],"class_list":{"0":"post-2066","1":"product","2":"type-product","3":"status-publish","4":"has-post-thumbnail","6":"product_cat-lawy","7":"product_cat-padva","8":"pa_kolor-canyon","9":"pa_kolor-dab-srebrny","10":"pa_kolor-jesion-gorski","11":"pa_kolor-syrach","12":"pa_kolor-welington","14":"first","15":"instock","16":"shipping-taxable","17":"purchasable","18":"product-type-variable"},"_links":{"self":[{"href":"https:\/\/www.krajan.pl\/index.php\/wp-json\/wp\/v2\/product\/2066","targetHints":{"allow":["GET"]}}],"collection":[{"href":"https:\/\/www.krajan.pl\/index.php\/wp-json\/wp\/v2\/product"}],"about":[{"href":"https:\/\/www.krajan.pl\/index.php\/wp-json\/wp\/v2\/types\/product"}],"replies":[{"embeddable":true,"href":"https:\/\/www.krajan.pl\/index.php\/wp-json\/wp\/v2\/comments?post=2066"}],"wp:featuredmedia":[{"embeddable":true,"href":"https:\/\/www.krajan.pl\/index.php\/wp-json\/wp\/v2\/media\/29040"}],"wp:attachment":[{"href":"https:\/\/www.krajan.pl\/index.php\/wp-json\/wp\/v2\/media?parent=2066"}],"wp:term":[{"taxonomy":"product_brand","embeddable":true,"href":"https:\/\/www.krajan.pl\/index.php\/wp-json\/wp\/v2\/product_brand?post=2066"},{"taxonomy":"product_cat","embeddable":true,"href":"https:\/\/www.krajan.pl\/index.php\/wp-json\/wp\/v2\/product_cat?post=2066"},{"taxonomy":"product_tag","embeddable":true,"href":"https:\/\/www.krajan.pl\/index.php\/wp-json\/wp\/v2\/product_tag?post=2066"}],"curies":[{"name":"wp","href":"https:\/\/api.w.org\/{rel}","templated":true}]}}

Padva ława PAŁ-1

<p><em>Uwagi:</em></p>
<p><em><span class="ILfuVd" lang="pl"><span class="hgKElc"> Kolory na zdjęciach  mogą się nieznacznie różnić od rzeczywistych – wynika to z różnorodności dostępnego sprzętu komputerowego oraz jego indywidualnych ustawień a w szczególności ustawień monitora i karty graficznej.</span></span></em></p>
<p>Views: 7</p>

<p>Szer./wys./gł.: 126/42/67 cm</p>
<p>&nbsp;</p>
<div class="positioner"></div>
