{"id":2042,"date":"2017-10-18T12:18:13","date_gmt":"2017-10-18T10:18:13","guid":{"rendered":"https:\/\/www.krajan.pl\/index.php\/produkt\/elis-regal-el-1\/"},"modified":"2025-02-03T15:32:05","modified_gmt":"2025-02-03T14:32:05","slug":"elis-regal-el-1","status":"publish","type":"product","link":"https:\/\/www.krajan.pl\/index.php\/produkt\/elis-regal-el-1\/","title":{"rendered":"Elis rega\u0142 EL-1"},"content":{"rendered":"<p>Views: 5<\/p>","protected":false},"excerpt":{"rendered":"<p>Szer.\/wys.\/g\u0142.: 100\/138\/42 cm<\/p>\n<p>Powy\u017cszy model dost\u0119pny jest w nast\u0119puj\u0105cej kolorystyce:<\/p>\n<div class=\"positioner\"><\/div>\n","protected":false},"featured_media":27976,"comment_status":"closed","ping_status":"closed","template":"","meta":[],"product_brand":[],"product_cat":[245,87],"product_tag":[],"class_list":{"0":"post-2042","1":"product","2":"type-product","3":"status-publish","4":"has-post-thumbnail","6":"product_cat-elis","7":"product_cat-regaly","8":"pa_kolor-wilton-canyon","9":"pa_kolor-wilton-country-oak","11":"first","12":"instock","13":"shipping-taxable","14":"purchasable","15":"product-type-variable"},"_links":{"self":[{"href":"https:\/\/www.krajan.pl\/index.php\/wp-json\/wp\/v2\/product\/2042","targetHints":{"allow":["GET"]}}],"collection":[{"href":"https:\/\/www.krajan.pl\/index.php\/wp-json\/wp\/v2\/product"}],"about":[{"href":"https:\/\/www.krajan.pl\/index.php\/wp-json\/wp\/v2\/types\/product"}],"replies":[{"embeddable":true,"href":"https:\/\/www.krajan.pl\/index.php\/wp-json\/wp\/v2\/comments?post=2042"}],"wp:featuredmedia":[{"embeddable":true,"href":"https:\/\/www.krajan.pl\/index.php\/wp-json\/wp\/v2\/media\/27976"}],"wp:attachment":[{"href":"https:\/\/www.krajan.pl\/index.php\/wp-json\/wp\/v2\/media?parent=2042"}],"wp:term":[{"taxonomy":"product_brand","embeddable":true,"href":"https:\/\/www.krajan.pl\/index.php\/wp-json\/wp\/v2\/product_brand?post=2042"},{"taxonomy":"product_cat","embeddable":true,"href":"https:\/\/www.krajan.pl\/index.php\/wp-json\/wp\/v2\/product_cat?post=2042"},{"taxonomy":"product_tag","embeddable":true,"href":"https:\/\/www.krajan.pl\/index.php\/wp-json\/wp\/v2\/product_tag?post=2042"}],"curies":[{"name":"wp","href":"https:\/\/api.w.org\/{rel}","templated":true}]}}

Elis regał EL-1

<p>Szer./wys./gł.: 100/138/42 cm</p>
<p>Powyższy model dostępny jest w następującej kolorystyce:</p>
<div class="positioner"></div>
