{"id":1814,"date":"2017-10-17T10:25:18","date_gmt":"2017-10-17T08:25:18","guid":{"rendered":"https:\/\/www.krajan.pl\/index.php\/produkt\/ksenia-zestaw-1\/"},"modified":"2026-01-30T09:48:27","modified_gmt":"2026-01-30T08:48:27","slug":"ksenia-zestaw-1","status":"publish","type":"product","link":"https:\/\/www.krajan.pl\/index.php\/produkt\/ksenia-zestaw-1\/","title":{"rendered":"Ksenia zestaw 1"},"content":{"rendered":"<p>Views: 3<\/p>","protected":false},"excerpt":{"rendered":"<div id=\"opisy\">\n<p><strong>Sypialnia KSENIA<\/strong><\/p>\n<p>Zestaw tej sypialni sk\u0142ada si\u0119 z \u0142\u00f3\u017cka do sypialni, szafy, komody, stolik\u00f3w nocnych stanowi\u0105ce komplet. Mo\u017cna\u00a0 kupowa\u0107 je r\u00f3wnie\u017c osobno z kt\u00f3rych mog\u0105 stworzy\u0107 Pa\u0144stwo sw\u00f3j w\u0142asny zestaw mebli sypialnianych, zgodnie z indywidualnymi preferencjami. S\u0105 wygodne i pojemne, dzi\u0119ki dobrze opracowanym funkcjom przechowywania. Dzi\u0119ki najwy\u017cszej jako\u015bci wykonania, mo\u017cesz cieszy\u0107 si\u0119 z u\u017cytkowania przez d\u0142ugie lata.<\/p>\n<p><strong>W sk\u0142ad zestawu wchodz\u0105:<\/strong><\/p>\n<p>\u2013 szafa przesuwna 2-drzwiowa\u2013 1 szt<br \/>\n\u2013 \u0142\u00f3\u017cko ze stela\u017cem drabinkowym \u2013 1 szt.\u00a0<strong>(bez materaca)<\/strong><br \/>\n\u2013 komoda \u2013 2 szt.<br \/>\n\u2013 stolik nocny \u2013 2 szt<br \/>\n\u2013 lustro<\/p>\n<p><strong>Wymiary:<\/strong><br \/>\nszeroko\u015b\u0107 \u00a0cm \/ wysoko\u015b\u0107\u00a0 cm \/ g\u0142\u0119boko\u015b\u0107 \u00a0cm<br \/>\n\u2013 szafa: 200 x 211 x 64<br \/>\n\u2013 \u0142\u00f3\u017cko: 166 x 100 x 205<br \/>\n\u2013 stolik nocny: 50 x 40 x 42,5<br \/>\n\u2013 komoda KS3: 140 x 84,5 x 42,5<br \/>\n\u2013 komoda KS2: 60 x 124,5 x 42,5<\/p>\n<p><strong>Informacje dodatkowe:<\/strong><\/p>\n<p>\u2013 \u0142\u00f3\u017cko: ma 160\u00d7200 cm powierzchni spania (brak materaca w zestawie)<br \/>\n\u2013 meble s\u0105 nowe, zapakowane w paczkach do samodzielnego monta\u017cu, wraz z czyteln\u0105 instrukcj\u0105 oraz akcesoriami.<br \/>\n\u2013 sypialnia z wizualizacji wykonana w kolorze: trufel\/sosna krem<\/p>\n<\/div>\n<div id=\"box_bottom\">\n<div class=\"paleta_box\"><\/div>\n<\/div>\n","protected":false},"featured_media":31129,"comment_status":"closed","ping_status":"closed","template":"","meta":[],"product_brand":[],"product_cat":[230,213],"product_tag":[],"class_list":{"0":"post-1814","1":"product","2":"type-product","3":"status-publish","4":"has-post-thumbnail","6":"product_cat-ksenia","7":"product_cat-sypialnie","9":"first","10":"instock","11":"shipping-taxable","12":"product-type-simple"},"_links":{"self":[{"href":"https:\/\/www.krajan.pl\/index.php\/wp-json\/wp\/v2\/product\/1814","targetHints":{"allow":["GET"]}}],"collection":[{"href":"https:\/\/www.krajan.pl\/index.php\/wp-json\/wp\/v2\/product"}],"about":[{"href":"https:\/\/www.krajan.pl\/index.php\/wp-json\/wp\/v2\/types\/product"}],"replies":[{"embeddable":true,"href":"https:\/\/www.krajan.pl\/index.php\/wp-json\/wp\/v2\/comments?post=1814"}],"wp:featuredmedia":[{"embeddable":true,"href":"https:\/\/www.krajan.pl\/index.php\/wp-json\/wp\/v2\/media\/31129"}],"wp:attachment":[{"href":"https:\/\/www.krajan.pl\/index.php\/wp-json\/wp\/v2\/media?parent=1814"}],"wp:term":[{"taxonomy":"product_brand","embeddable":true,"href":"https:\/\/www.krajan.pl\/index.php\/wp-json\/wp\/v2\/product_brand?post=1814"},{"taxonomy":"product_cat","embeddable":true,"href":"https:\/\/www.krajan.pl\/index.php\/wp-json\/wp\/v2\/product_cat?post=1814"},{"taxonomy":"product_tag","embeddable":true,"href":"https:\/\/www.krajan.pl\/index.php\/wp-json\/wp\/v2\/product_tag?post=1814"}],"curies":[{"name":"wp","href":"https:\/\/api.w.org\/{rel}","templated":true}]}}

<div id="opisy">
<p><strong>Sypialnia KSENIA</strong></p>
<p>Zestaw tej sypialni składa się z łóżka do sypialni, szafy, komody, stolików nocnych stanowiące komplet. Można  kupować je również osobno z których mogą stworzyć Państwo swój własny zestaw mebli sypialnianych, zgodnie z indywidualnymi preferencjami. Są wygodne i pojemne, dzięki dobrze opracowanym funkcjom przechowywania. Dzięki najwyższej jakości wykonania, możesz cieszyć się z użytkowania przez długie lata.</p>
<p><strong>W skład zestawu wchodzą:</strong></p>
<p>– szafa przesuwna 2-drzwiowa– 1 szt<br />
– łóżko ze stelażem drabinkowym – 1 szt. <strong>(bez materaca)</strong><br />
– komoda – 2 szt.<br />
– stolik nocny – 2 szt<br />
– lustro</p>
<p><strong>Wymiary:</strong><br />
szerokość  cm / wysokość  cm / głębokość  cm<br />
– szafa: 200 x 211 x 64<br />
– łóżko: 166 x 100 x 205<br />
– stolik nocny: 50 x 40 x 42,5<br />
– komoda KS3: 140 x 84,5 x 42,5<br />
– komoda KS2: 60 x 124,5 x 42,5</p>
<p><strong>Informacje dodatkowe:</strong></p>
<p>– łóżko: ma 160×200 cm powierzchni spania (brak materaca w zestawie)<br />
– meble są nowe, zapakowane w paczkach do samodzielnego montażu, wraz z czytelną instrukcją oraz akcesoriami.<br />
– sypialnia z wizualizacji wykonana w kolorze: trufel/sosna krem</p>
</div>
<div id="box_bottom">
<div class="paleta_box"></div>
</div>
