{"id":1792,"date":"2017-10-14T11:15:35","date_gmt":"2017-10-14T09:15:35","guid":{"rendered":"https:\/\/www.krajan.pl\/index.php\/produkt\/sava-lozko-s-2\/"},"modified":"2024-12-06T14:42:11","modified_gmt":"2024-12-06T13:42:11","slug":"sava-lozko-s-2","status":"publish","type":"product","link":"https:\/\/www.krajan.pl\/index.php\/produkt\/sava-lozko-s-2\/","title":{"rendered":"SAVA \u0141\u00f3\u017cko S-2"},"content":{"rendered":"<p>Views: 5<\/p>","protected":false},"excerpt":{"rendered":"<p>Szer.\/wys.\/g\u0142.:166\/85\/204 cm<\/p>\n<p>&nbsp;<\/p>\n<p>Informacje dodatkowe:<\/p>\n<p>\u2013 \u0142\u00f3\u017cko: ma 160\u00d7200 cm powierzchni spania (brak materaca w zestawie)<\/p>\n<p>\u2013 \u0142\u00f3\u017cko\u00a0<strong>nie<\/strong>\u00a0posiada pojemnika na po\u015bciel.<\/p>\n","protected":false},"featured_media":29376,"comment_status":"closed","ping_status":"closed","template":"","meta":[],"product_brand":[],"product_cat":[228],"product_tag":[],"class_list":{"0":"post-1792","1":"product","2":"type-product","3":"status-publish","4":"has-post-thumbnail","6":"product_cat-sava","7":"pa_kolor-lefkas-ciemny","8":"pa_kolor-sonoma","9":"pa_kolor-trufel","11":"first","12":"instock","13":"shipping-taxable","14":"purchasable","15":"product-type-variable"},"_links":{"self":[{"href":"https:\/\/www.krajan.pl\/index.php\/wp-json\/wp\/v2\/product\/1792","targetHints":{"allow":["GET"]}}],"collection":[{"href":"https:\/\/www.krajan.pl\/index.php\/wp-json\/wp\/v2\/product"}],"about":[{"href":"https:\/\/www.krajan.pl\/index.php\/wp-json\/wp\/v2\/types\/product"}],"replies":[{"embeddable":true,"href":"https:\/\/www.krajan.pl\/index.php\/wp-json\/wp\/v2\/comments?post=1792"}],"wp:featuredmedia":[{"embeddable":true,"href":"https:\/\/www.krajan.pl\/index.php\/wp-json\/wp\/v2\/media\/29376"}],"wp:attachment":[{"href":"https:\/\/www.krajan.pl\/index.php\/wp-json\/wp\/v2\/media?parent=1792"}],"wp:term":[{"taxonomy":"product_brand","embeddable":true,"href":"https:\/\/www.krajan.pl\/index.php\/wp-json\/wp\/v2\/product_brand?post=1792"},{"taxonomy":"product_cat","embeddable":true,"href":"https:\/\/www.krajan.pl\/index.php\/wp-json\/wp\/v2\/product_cat?post=1792"},{"taxonomy":"product_tag","embeddable":true,"href":"https:\/\/www.krajan.pl\/index.php\/wp-json\/wp\/v2\/product_tag?post=1792"}],"curies":[{"name":"wp","href":"https:\/\/api.w.org\/{rel}","templated":true}]}}