{"id":1747,"date":"2017-10-14T09:37:40","date_gmt":"2017-10-14T07:37:40","guid":{"rendered":"https:\/\/www.krajan.pl\/index.php\/produkt\/zyta-lozko-zy-2\/"},"modified":"2024-12-06T13:30:16","modified_gmt":"2024-12-06T12:30:16","slug":"zyta-lozko-zy-2","status":"publish","type":"product","link":"https:\/\/www.krajan.pl\/index.php\/produkt\/zyta-lozko-zy-2\/","title":{"rendered":"ZYTA \u0141\u00f3\u017cko ZY-2"},"content":{"rendered":"<p>Views: 7<\/p>","protected":false},"excerpt":{"rendered":"<div id=\"opisy\">\n<p>Szer.\/wys.\/g\u0142.:262\/100\/204 cm (wymiar zewn\u0119trzny)<\/p>\n<p>&nbsp;<\/p>\n<p>Informacje dodatkowe:<\/p>\n<p>\u2013 \u0142\u00f3\u017cko: ma 160\u00d7200 cm powierzchni spania (brak materaca w zestawie)<\/p>\n<p>\u2013 \u0142\u00f3\u017cko\u00a0<strong>nie<\/strong>\u00a0posiada pojemnika na po\u015bciel.<\/p>\n<\/div>\n<div id=\"box_bottom\">\n<div class=\"paleta_box\">\n<div><\/div>\n<div class=\"paleta\"><\/div>\n<\/div>\n<\/div>\n","protected":false},"featured_media":29292,"comment_status":"closed","ping_status":"closed","template":"","meta":[],"product_brand":[],"product_cat":[217],"product_tag":[],"class_list":{"0":"post-1747","1":"product","2":"type-product","3":"status-publish","4":"has-post-thumbnail","6":"product_cat-zyta","7":"pa_kolor-bialy-artisan","8":"pa_kolor-bialy-lancelot","9":"pa_kolor-lefkas-ciemny-anderson","10":"pa_kolor-lefkas-ciemny-sosna-biala","12":"first","13":"instock","14":"shipping-taxable","15":"purchasable","16":"product-type-variable"},"_links":{"self":[{"href":"https:\/\/www.krajan.pl\/index.php\/wp-json\/wp\/v2\/product\/1747","targetHints":{"allow":["GET"]}}],"collection":[{"href":"https:\/\/www.krajan.pl\/index.php\/wp-json\/wp\/v2\/product"}],"about":[{"href":"https:\/\/www.krajan.pl\/index.php\/wp-json\/wp\/v2\/types\/product"}],"replies":[{"embeddable":true,"href":"https:\/\/www.krajan.pl\/index.php\/wp-json\/wp\/v2\/comments?post=1747"}],"wp:featuredmedia":[{"embeddable":true,"href":"https:\/\/www.krajan.pl\/index.php\/wp-json\/wp\/v2\/media\/29292"}],"wp:attachment":[{"href":"https:\/\/www.krajan.pl\/index.php\/wp-json\/wp\/v2\/media?parent=1747"}],"wp:term":[{"taxonomy":"product_brand","embeddable":true,"href":"https:\/\/www.krajan.pl\/index.php\/wp-json\/wp\/v2\/product_brand?post=1747"},{"taxonomy":"product_cat","embeddable":true,"href":"https:\/\/www.krajan.pl\/index.php\/wp-json\/wp\/v2\/product_cat?post=1747"},{"taxonomy":"product_tag","embeddable":true,"href":"https:\/\/www.krajan.pl\/index.php\/wp-json\/wp\/v2\/product_tag?post=1747"}],"curies":[{"name":"wp","href":"https:\/\/api.w.org\/{rel}","templated":true}]}}